(c) + 11*k(c). Suppose 11*v + 6 = 9*v. Give f(v).
-1
Let r(h) be the second derivative of -5*h**3/3 + 147*h**2/2 - 7*h - 12. Give r(15).
-3
Let i(a) = -11*a**3 + 3*a**2 - 5*a + 4. Suppose 4*l - l = -3*p - 15, -5*l - 35 = 0. Calculate i(p).
-82
Let a be (-69)/(-920)*20*8/(-3). Let q(b) = -6*b**2 - 26*b + 5. Determine q(a).
13
Let n(m) = -m**3 + 12*m**2 + 15*m - 22. Let b be n(13). Suppose -2*g - b*g + 66 = 0. Let i(o) = 1 - 10*o + g*o - 7*o**2 - 1. Determine i(-1).
-8
Let n(x) = -7*x**2 + 27*x + 5*x**3 + 17*x**2 - 50*x - 13 - 4*x**3. Determine n(-12).
-25
Let i(o) = -5*o + 6*o + 7*o + 5*o. Suppose -70 = -3*j - 67. Calculate i(j).
13
Suppose 5*o - o - 8 = 0. Let h(g) be the first derivative of 20*g**2 - 15 - g**3 - 34*g**2 + 15*g**2 + o*g. What is h(2)?
-6
Let y(n) be the second derivative of -n**5/20 - 5*n**4/3 + 9*n**2/2 - 7*n - 837. What is y(-20)?
9
Let n(k) = -k - 1. Let i(m) = m**2 + 12*m + 14. Let z = 163 - 69. Let f be z/(-10) + 132/30 + -5. Let s be i(f). What is n(s)?
5
Let x(m) = 2*m**2 - 3*m**3 + 5*m - 4*m + 2 + 2*m + 0*m. Suppose -2*k + 3*k + 1 = 0. Let r be x(k). Let t(v) = v - 5. What is t(r)?
-1
Suppose -284 = 12*z - 320. Let j(s) be the second derivative of 17*s + 1/6*s**z + 0 + 2*s**2. What is j(-9)?
-5
Let n(k) = -7*k + 4. Let y(p) = -p**2 - 14*p + 18. Let j = 200 + -215. Let q be y(j). What is n(q)?
-17
Let r(v) = -v**2 - 10*v. Suppose -2*p - 90 = -4*p - q, 5*q = -3*p + 128. Let i be (3/(-2))/(p/276). What is r(i)?
9
Let k(a) = -a**2 - a + 1. Let r(f) be the first derivative of 2*f**2 - 25*f - 15. Let g be r(10). Let b be (-3)/2*(-10)/g. Calculate k(b).
-1
Let f(b) be the third derivative of -b**5/60 - b**4/8 + b**3/3 + b**2. Let o = 73 + -70. Suppose -4*s + 5*r + 3 = -6, 0 = -2*s - o*r - 23. Determine f(s).
-2
Let g be (3/2 - 2) + 102/(-12). Let c(x) = -x**3 - 10*x**2 - 7*x - 1. Calculate c(g).
-19
Let j = -25146 + 25140. Let w(a) = -11*a - 78. What is w(j)?
-12
Let l(a) = 13*a**2 - 14*a + 9. Let m be (0 - 7) + (6 - 7). Let q(v) = 5*v**2 - 5*v + 3. Let t(o) = m*q(o) + 3*l(o). What is t(0)?
3
Let y(x) = 0 + 8 + x - 7 - 3*x. Let j be (-18)/21 - (-54)/14. What is y(j)?
-5
Let p(s) be the first derivative of s**4/4 + 5*s**3/3 - s**2/2 - s + 1. Let j(y) = -2*y**3 - 10*y**2 + y + 1. Let u(g) = 3*j(g) + 5*p(g). Calculate u(-5).
8
Suppose 4*o - 46 = -5*j, o + 3*j - 10 = j. Let n(i) = -7 + 4 + i - o. Let w(p) = -12*p + 132. Let b be w(11). Give n(b).
-17
Suppose 5*m = -4*q - 33, -5*m - 12 = 3*q - 2*q. Let j(g) = -g - 4. Let s(v) = v + 4. Suppose 374*b = 372*b - 10. Let f(p) = b*s(p) - 6*j(p). What is f(q)?
-3
Let z(u) be the second derivative of u**5/10 + u**4/3 - u**3/6 - 2*u**2 + 20*u + 8. Determine z(2).
26
Let n(h) = -609*h - 451 - 567*h + 1182*h. Determine n(76).
5
Let c(z) be the first derivative of 5 - 1/2*z**2 - 8*z. Determine c(-6).
-2
Suppose -11*w = -984 + 1105. Let v(q) = -6*q - 64. What is v(w)?
2
Suppose 4*z = -4*h - 4, 0 = -z + 3*z - h - 7. Suppose p - 16 = -4*r, 4*p = -8*r + 3*r + 42. Let a(v) = -v**2 + p + 14*v + v**z + v**2 - 23*v. Determine a(8).
0
Let f(j) = -j - 30 + 62 - 29. Let p be (-11)/3 + (15/(-9))/5. What is f(p)?
7
Let j(d) = 12*d + 62. Suppose -66 = 28*g + 74. What is j(g)?
2
Let u(w) be the second derivative of w**7/2520 + w**6/90 + w**5/60 + 13*w**4/12 + 3*w**2/2 - 7*w. Let k(c) be the third derivative of u(c). What is k(-8)?
2
Let q = 14 + 49. Let r be 9/6*420/q. Let i(b) = b**2 - 9*b - 9. What is i(r)?
1
Let v(a) = -a**3 + 14*a**2 + 16*a - 9. Suppose -7*x + 8*x - 45 = 0. Suppose x*i - 15*i - 450 = 0. Calculate v(i).
6
Let w(m) = -m**3 + 14*m**2 - 33*m - 15. Let b = 9120 - 9109. Determine w(b).
-15
Let d be 31/11 + 2*4/44. Suppose 4*p = -2*s + 20, -s + d*p - 8 = s. Let q(l) = s + 5*l + 12*l - 11*l. Calculate q(2).
14
Let o(j) = j**2 - j + 15. Let s be o(0). Suppose 6 = 18*z - s*z. Let t(v) = -v**z - 2*v**2 + v**2 - 5*v - 4. Determine t(-3).
-7
Let k(y) = -52*y + 3163. Let s be k(61). Let t(p) = 3*p + 10. What is t(s)?
-17
Let u be (2 - (3 + -8)) + 81/(-27). Let m(l) = -9*l + 29. Give m(u).
-7
Let h be (146 - -2)/(27 + -25). Suppose 4*b + h - 70 = 0. Let y(j) = 2*j**3 - 3*j**2 - j. Calculate y(b).
-4
Suppose 7628*o = 7561*o - 536. Let h(y) = -2*y + 2. Determine h(o).
18
Suppose 4 = 2*j, -4*s + 5 + 1 = 5*j. Let v(q) = 2*q**2 + q + 1. Let u be v(s). Let b(f) = -u + 7 + 32*f - 36*f. Determine b(4).
-11
Let z be 4/12*27 + 42/(-6) + 2. Let x(w) = -w**3 + 7*w**2 - 9*w + 2. Give x(z).
14
Let z(l) = l + 2. Let r be z(2). Let j = -115 - -117. Let m(u) = -1298 + 2597 - u**j - 1294 + 4*u. Determine m(r).
5
Let m(r) = -5*r**3 + 3*r**2 + 5*r - 16. Let d(h) = -9*h**3 + 6*h**2 + 9*h - 30. Let q(x) = -4*d(x) + 7*m(x). Give q(3).
5
Let u(t) = -t**3 - 3*t**2 - 5*t - 3. Suppose 2*o + 5 = 1. Let h be u(o). Let w(k) = -88*k**2 + 0 + 6 + 3*k + k**h + 82*k**2. Calculate w(5).
-4
Let b(d) = -7*d**2 - 11*d + 5. Let l(g) = g**2 + g - 1. Let z(k) = b(k) + 6*l(k). Let i be ((-36)/(-15) + -2)/(1/(-15)). What is z(i)?
-7
Let q(s) be the third derivative of s**7/5040 - s**6/90 + s**5/10 - 13*s**2. Let r(j) be the third derivative of q(j). Suppose -28*v + 29*v = 9. Give r(v).
1
Let b(o) = 6*o**3 + 38*o**2 - 6*o + 30. Let q(s) = -5*s**3 - 34*s**2 + 5*s - 29. Let g(x) = -6*b(x) - 7*q(x). Determine g(10).
33
Let a(j) = -17*j + 2. Let p be ((-25)/(-15))/(-5)*(-10 - -4). What is a(p)?
-32
Let f(l) = -106*l + 3. Suppose 771*k + 9 = -4*q + 766*k, -2*q = -4*k - 2. Calculate f(q).
109
Let r(g) = g**2 - 9*g + 10. Let t(y) = y**3 + 36*y**2 + 30*y - 76. Let o be t(-35). Suppose 7*f = -4*f + o. Determine r(f).
10
Let i(v) = -v**2 - v - 2. Suppose -15*w + 1529 = -721. Let g be (-3)/12 - w/40. Calculate i(g).
-14
Let j(w) be the second derivative of -w**5/60 - w**4/8 - w**3/3 + 27*w**2/2 + 49*w. Let q(h) be the first derivative of j(h). Give q(-2).
0
Suppose 0 = b + 4*b + t - 48, 4*b + 5*t - 51 = 0. Suppose -4*q + 33 = -k, q - 5*k = b + 23. Let f(n) = -13*n + 1 - q*n + 21*n. Determine f(4).
5
Let o(f) be the second derivative of -f**3 + f**2 - 4*f. Let z(a) be the first derivative of 17*a**2/2 - 6*a - 80. Let s(w) = -8*o(w) - 3*z(w). Calculate s(4).
-10
Let y(u) = 32*u + 17. Let o(w) be the first derivative of -11*w**2/2 - 6*w - 103. Let s(c) = -11*o(c) - 4*y(c). Determine s(-5).
33
Let f(c) = -13 - 2*c**3 - 41*c**2 + 63*c**2 - 13 + 6 + 2*c. Determine f(11).
2
Let a(l) be the third derivative of -l**6/120 - l**5/60 + l**3/6 - 11*l**2. Let d = 1 + -1. Let x be 2/(-4)*(0 + d). Determine a(x).
1
Let a be -6*(-2)/8*-2. Let x(j) = j**2 + 6*j + 2. Let r(i) = i**2 + 48 - 102 + 53 - 2*i. Let l(h) = r(h) + x(h). What is l(a)?
7
Let g(o) be the second derivative of -o**6/360 + o**5/12 - 5*o**4/12 + o**3/6 - 31*o**2/2 + 72*o. Let w(l) be the second derivative of g(l). Give w(8).
6
Let y(n) be the second derivative of -n**4/24 - 5*n**3/2 + 16*n**2 + 5*n + 2. Let v(l) be the first derivative of y(l). Give v(-14).
-1
Let w(o) = -62*o**2 + 331*o + 365. Let t(s) = 15*s**2 - 83*s - 87. Let r(b) = -13*t(b) - 3*w(b). Determine r(10).
-4
Suppose 106*z + 166 = -576. Let w(b) = -b**3 - 7*b**2 + 2*b + 13. What is w(z)?
-1
Suppose -52*z - 341 - 23 = 0. Let o(m) = -m**3 - 6*m**2 + 10*m - 29. Calculate o(z).
-50
Let l(k) = 2*k**2 + 2*k + 1. Let n be l(-1). Let w(o) be the first derivative of o - o**2 - 439 + 2/3*o**3. What is w(n)?
1
Let y be (-5)/((-2)/(4 + 0 + -2)). Suppose u - 10 = -y*w, 4*u - 2*u = 0. Let q(b) = 0*b + 2*b + b - b**w - 8*b + 2. Determine q(-4).
6
Let h(b) = 3*b**2 + b**3 + 8195 + 5*b**2 - 8204 + 4*b. What is h(-7)?
12
Let g = 3596 + -3581. Let z(b) = 2*b**2 - 27*b - 34. Give z(g).
11
Suppose -5*g + 5 = p, -11 = 2*g + p + 2*p. Suppose -8*j = -6*j - 4*y - 32, 0 = -g*j - 2*y + 8. Let u(r) = 3*r - 8. What is u(j)?
16
Let j(o) be the third derivative of -7/24*o**4 - 36 + 16/3*o**3 + o**2 + 0*o. Calculate j(5).
-3
Let g be 2/7*(15 - (-552)/(-48)). Let q(n) = -39*n**3 - n**2 - n + 2. Give q(g).
-39
Let b(g) = -g**2 - 10*g - 10. Suppose 0 = 2*o + 3*t - 339, 4*o - t = o + 536. Let a = o - 185. Give b(a).
6
Let f(a) = -2*a - 13. Let b = -3334 - -3324. What is f(b)?
7
Let r(o) be the third derivative of -o**4/24 - 7*o**3 + 4*o**2 + 216*o. Calculate r(-23).
-19
Let v(t) be the second derivative of 54*t + 0 + 1/4*t**4 + t**2 - 1/3*t**3. What is v(2)?
10
Let r = 